e
Is 5735100 a multiple of 45?
False
Is 2 a factor of 29412070?
True
Is 357 a factor of 78479383?
False
Is 6581152 a multiple of 16?
True
Is 723 a factor of 25022307?
True
Is 869 a factor of 44251218?
True
Does 948 divide 3017166238?
False
Is 51 a factor of 40919901?
True
Is 1351352996 a multiple of 1442?
True
Is 1186 a factor of 50155940?
True
Is 27 a factor of 117428076?
True
Is 59655362 a multiple of 816?
False
Does 845 divide 129062765?
True
Is 430666497 a multiple of 17?
False
Does 880 divide 443864747?
False
Is 36448783 a multiple of 136?
False
Is 193 a factor of 32877743?
True
Does 254 divide 216316814?
True
Does 9 divide 2417256?
True
Does 19 divide 216393337?
True
Is 569235949 a multiple of 29?
False
Is 762 a factor of 49250732?
False
Is 400260748 a multiple of 2335?
False
Is 5271 a factor of 61059264?
True
Is 972 a factor of 36294528?
False
Does 175 divide 698137475?
True
Is 28 a factor of 743549576?
True
Is 12 a factor of 108487440?
True
Is 16 a factor of 6112537792?
True
Is 1790 a factor of 29078840?
False
Is 267 a factor of 1616902302?
False
Is 6667160 a multiple of 106?
False
Is 673 a factor of 25879185?
False
Is 17575400 a multiple of 36?
False
Does 12 divide 5867048?
False
Is 4997 a factor of 183424879?
True
Is 10311536 a multiple of 1648?
True
Does 7 divide 25489634?
False
Is 3985 a factor of 825357260?
True
Does 2167 divide 64489920?
True
Does 3197 divide 178258326?
True
Does 169 divide 24935571?
False
Does 348 divide 911066?
False
Does 1978 divide 15841334?
False
Is 9991776 a multiple of 3104?
True
Is 443 a factor of 122946676?
True
Is 41928103 a multiple of 283?
False
Is 70077506 a multiple of 44?
False
Does 6281 divide 952458592?
False
Is 296289680 a multiple of 230?
True
Is 3500 a factor of 521958441?
False
Does 164 divide 14322612?
True
Is 28873944 a multiple of 28?
False
Is 1552691537 a multiple of 232?
False
Does 17 divide 478148316?
False
Is 18827200 a multiple of 3280?
True
Is 41328210 a multiple of 210?
True
Is 54042135 a multiple of 267?
True
Is 31 a factor of 376179781?
False
Does 4 divide 18565088?
True
Is 22 a factor of 573841268?
True
Is 1623015410 a multiple of 7615?
True
Is 3155 a factor of 182977380?
True
Is 3180322550 a multiple of 25?
True
Is 137026845 a multiple of 104?
False
Is 587 a factor of 619192669?
False
Is 6 a factor of 1246203651?
False
Is 25527375 a multiple of 19?
False
Is 4087827672 a multiple of 53?
True
Is 462342787 a multiple of 812?
False
Is 132 a factor of 40995768?
True
Is 639690600 a multiple of 1986?
True
Is 4559 a factor of 1193067505?
True
Does 113 divide 53543703?
False
Does 2738 divide 1073268620?
True
Is 119531597 a multiple of 1245?
False
Is 7 a factor of 35488845?
True
Is 3760 a factor of 331550741?
False
Is 103274556 a multiple of 49?
True
Is 2240 a factor of 92863680?
True
Is 28 a factor of 1023743196?
True
Does 512 divide 36490375?
False
Is 17760093 a multiple of 39?
True
Is 41953048 a multiple of 12?
False
Does 8 divide 105901563?
False
Is 319 a factor of 349424306?
True
Is 579 a factor of 34807164?
True
Is 201076544 a multiple of 1207?
True
Does 202 divide 83974186?
False
Is 21 a factor of 262238949?
True
Is 559 a factor of 147620161?
True
Does 1188 divide 1145665620?
True
Is 59797386 a multiple of 11?
True
Does 12 divide 9876401?
False
Does 332 divide 104892574?
False
Is 1383 a factor of 654337335?
False
Is 89 a factor of 423614190?
True
Is 2435885753 a multiple of 10?
False
Is 356538615 a multiple of 145?
True
Is 208 a factor of 281725184?
True
Does 99 divide 1845200?
False
Does 127 divide 32825256?
False
Is 215 a factor of 2230691455?
False
Does 3 divide 5981851?
False
Does 264 divide 204930632?
False
Does 192 divide 239977863?
False
Is 101 a factor of 1150871669?
True
Does 2148 divide 21418860?
False
Does 192 divide 2017642176?
True
Is 11 a factor of 873013388?
False
Is 308205779 a multiple of 163?
True
Is 603 a factor of 283838841?
False
Is 3058 a factor of 842405608?
True
Is 3264 a factor of 689784384?
True
Is 5368 a factor of 441603888?
True
Is 8 a factor of 48842547?
False
Does 9 divide 11891373?
False
Is 449479487 even?
False
Is 249 a factor of 30289107?
True
Does 484 divide 98696789?
False
Is 88516962 a multiple of 309?
False
Is 20 a factor of 57742416?
False
Is 1775 a factor of 82191375?
True
Is 3148138 a multiple of 207?
False
Does 54 divide 32133925?
False
Does 28 divide 1892460828?
False
Is 16568868 a multiple of 1329?
False
Does 3 divide 108092031?
True
Does 302 divide 570277170?
True
Does 12 divide 440806368?
True
Does 316 divide 440778138?
False
Is 43055138 a multiple of 9?
False
Is 161 a factor of 53254292?
True
Does 2056 divide 4885541880?
False
Does 268 divide 7243772?
True
Is 133994717 a multiple of 125?
False
Is 349261971 a multiple of 11063?
False
Is 950745110 a multiple of 1051?
True
Does 105 divide 36105405?
True
Is 15 a factor of 349411365?
True
Is 2695 a factor of 2267775125?
True
Does 15 divide 26564692?
False
Is 111 a factor of 26979743?
False
Is 75 a factor of 441821678?
False
Does 379 divide 5331358946?
False
Is 15 a factor of 97706520?
True
Does 77 divide 130391877?
True
Is 8 a factor of 186250080?
True
Is 363324 a multiple of 3?
True
Does 3 divide 3002838?
True
Does 1496 divide 774674588?
False
Does 663 divide 93547300?
False
Does 4098 divide 1432496570?
False
Is 41 a factor of 1074020?
False
Does 405 divide 242611823?
False
Is 124131133 a multiple of 46?
False
Is 104 a factor of 323144012?
False
Does 17 divide 8400461?
False
Does 1407 divide 16973523?
False
Does 1910 divide 78733052?
False
Does 1182 divide 183549234?
True
Does 3 divide 12609867?
True
Is 167630144 a multiple of 44?
True
Is 66 a factor of 14632813?
False
Is 3207120 a multiple of 1104?
True
Does 582 divide 969397123?
False
Is 10 a factor of 115897622?
False
Is 6 a factor of 155130086?
False
Does 14 divide 692778157?
False
Does 1788 divide 547465763?
False
Is 617079448 a multiple of 5318?
True
Is 199 a factor of 31541730?
False
Does 301 divide 181818470?
False
Is 2590680827 a multiple of 6048?
False
Is 56 a factor of 82626361?
False
Does 879 divide 5066852?
False
Does 100 divide 47036363?
False
Is 23 a factor of 720561737?
False
Does 165 divide 314568594?
False
Is 1373814650 a multiple of 16?
False
Does 2565 divide 252083070?
True
Is 122237017 a multiple of 75?
False
Is 15 a factor of 6673926?
False
Is 48 a factor of 1395765936?
True
Is 363509728 a multiple of 32?
True
Does 394 divide 61579659?
False
Is 76131398 a multiple of 14?
True
Is 48 a factor of 163332752?
False
Does 223 divide 795738754?
False
Does 52 divide 34914804?
False
Does 15 divide 56656065?
True
Is 52 a factor of 16333957?
False
Does 459 divide 1991778415?
False
Does 176 divide 15505600?
True
Is 42223947 a multiple of 743?
True
Does 240 divide 41583600?
True
Is 179272660 a multiple of 1698?
False
Is 47 a factor of 418255690?
False
Is 532965874 a multiple of 805?
False
Is 4776625 a multiple of 25?
True
Is 443106258 a multiple of 714?
True
Does 18 divide 13695121?
False
Does 8 divide 589092?
False
Does 2222 divide 25259696?
True
Does 22 divide 17686625?
False
Is 102 a factor of 986718012?
True
Does 3 divide 2755704?
True
Is 419 a factor of 1645112158?
True
Is 76 a factor of 89312540?
True
Is 387703711 a multiple of 3673?
False
Is 377 a factor of 169572566?
False
Does 542 divide 196294374?
False
Is 125081700 a multiple of 75?
True
Is 12092837 a multiple of 353?
False
Is 76 a factor of 474875995?
False
Is 2964 a factor of 965786796?
True
Is 907 a factor of 1195170226?
True
Is 52803924 a multiple of 37?
False
Is 24693214 a multiple of 14?
True
Is 314188533 a multiple of 497?
False
Is 3799144440 a multiple of 13?
True
Is 52070652 a multiple of 401?
True
Is 335 a factor of 844783570?
True
Does 30 divide 11074884?
False
Is 9525 a factor of 640767157?
False
Does 136 divide 8329916?
False
Does 67 divide 21087178?
True
Does 11 divide 175933605?
False
Does 575 divide 295054146?
False
Is 3900 a factor of 145138500?
True
Does 164 divide 22616810?
False
Does 78 divide 32797362?
True
Does 18 divide 22576212?
True
Does 730 divide 1757169860?
True
Is 430953356 a multiple of 148?
True
Does 459 divide 198034513?
False
Is 811411040 a multiple of 552?
False
Does 53 divide 27457763?
True
Is 1153686739 a multiple of 5393?
True
Is 